Is 16941 a composite number?
True
Is 1338617 a prime number?
False
Is 3182687 a prime number?
True
Is 270407 a prime number?
True
Is 57173 a composite number?
False
Is 17657 a composite number?
False
Is 16183 a composite number?
False
Is 540539 a prime number?
True
Is 443 a prime number?
True
Is 816743 composite?
False
Is 4709 composite?
True
Is 11669 a composite number?
True
Is 274 a composite number?
True
Is 4009 a composite number?
True
Is 5951 a composite number?
True
Is 399757 a prime number?
True
Is 74219 a prime number?
True
Is 346201 a composite number?
False
Is 257947 a composite number?
False
Is 8561 a prime number?
False
Is 43697 a prime number?
False
Is 2998 a prime number?
False
Is 1637 composite?
False
Is 19031 a composite number?
False
Is 184291 a composite number?
False
Is 21617 composite?
False
Is 127039 composite?
True
Is 149099 composite?
False
Is 62273 a prime number?
True
Is 1633531 composite?
False
Is 1873173 prime?
False
Is 2784257 a prime number?
False
Is 16799 composite?
True
Is 29086 a composite number?
True
Is 102247 prime?
False
Is 43421 prime?
False
Is 262103 composite?
False
Is 304063 a prime number?
True
Is 182053 a composite number?
True
Is 460301 composite?
False
Is 221899 a composite number?
True
Is 14963 composite?
True
Is 7789 a composite number?
False
Is 346407 prime?
False
Is 120443 prime?
False
Is 47599 composite?
False
Is 178247 a composite number?
False
Is 40993 a composite number?
False
Is 4037 a prime number?
False
Is 18583 a composite number?
False
Is 51629 a composite number?
True
Is 19777 composite?
False
Is 39187 prime?
False
Is 10223 composite?
False
Is 2237 a prime number?
True
Is 2296213 a composite number?
False
Is 26557 a prime number?
True
Is 10029 a composite number?
True
Is 1243 composite?
True
Is 18637 a composite number?
False
Is 19735 a prime number?
False
Is 1657 a composite number?
False
Is 19011 a prime number?
False
Is 2615147 composite?
False
Is 4883 a prime number?
False
Is 8411 composite?
True
Is 30289 prime?
False
Is 122443 a prime number?
True
Is 4729 prime?
True
Is 356647 a composite number?
False
Is 877 prime?
True
Is 197643 a composite number?
True
Is 11269 composite?
True
Is 4871 a composite number?
False
Is 17669 a composite number?
False
Is 49007 composite?
True
Is 161719 prime?
False
Is 90674 a composite number?
True
Is 3313 composite?
False
Is 941461 prime?
True
Is 449653 prime?
True
Is 962809 composite?
True
Is 13159 composite?
False
Is 81599 a composite number?
True
Is 3587 composite?
True
Is 3719 composite?
False
Is 86827 prime?
False
Is 58321 a composite number?
False
Is 1703 a composite number?
True
Is 216493 a composite number?
False
Is 1261993 a prime number?
False
Is 1469221 a prime number?
False
Is 53249 a composite number?
True
Is 38345 a prime number?
False
Is 1637 composite?
False
Is 7783 composite?
True
Is 2049 a prime number?
False
Is 38543 a prime number?
True
Is 1082 composite?
True
Is 90283 composite?
True
Is 4718513 composite?
True
Is 152717 prime?
True
Is 608633 prime?
True
Is 1087 a composite number?
False
Is 808693 composite?
False
Is 155371 a composite number?
False
Is 16897 a composite number?
True
Is 26833 prime?
True
Is 29411 composite?
False
Is 7529 a composite number?
False
Is 32423 a prime number?
True
Is 1313677 prime?
True
Is 5297 a composite number?
False
Is 431191 a composite number?
False
Is 329761 prime?
True
Is 182057 a prime number?
True
Is 225667 a composite number?
True
Is 73121 a composite number?
False
Is 20807 prime?
True
Is 10085 a prime number?
False
Is 1719887 a prime number?
False
Is 103079 prime?
True
Is 25067 prime?
False
Is 69191 a prime number?
True
Is 4227295 prime?
False
Is 5615 a composite number?
True
Is 1641509 a composite number?
False
Is 61211 a composite number?
False
Is 16319 a composite number?
False
Is 136805 composite?
True
Is 60487 a composite number?
True
Is 470329 composite?
True
Is 8747 a composite number?
False
Is 11791 composite?
True
Is 341329 a prime number?
False
Is 1652407 a prime number?
True
Is 6469 a composite number?
False
Is 480829 composite?
True
Is 52814 composite?
True
Is 269851 a composite number?
False
Is 5223643 a prime number?
True
Is 16387 a prime number?
False
Is 43115 prime?
False
Is 24877 prime?
True
Is 5779 prime?
True
Is 34663 a prime number?
False
Is 102761 a prime number?
True
Is 2776915 composite?
True
Is 18371 prime?
True
Is 157967 prime?
False
Is 532657 prime?
False
Is 7151 composite?
False
Is 12197 a prime number?
True
Is 832327 prime?
True
Is 56299 composite?
False
Is 30427 a composite number?
False
Is 716447 composite?
False
Is 409533 a composite number?
True
Is 2470387 prime?
True
Is 280753 composite?
True
Is 127373 a composite number?
False
Is 345067 prime?
True
Is 3247 a prime number?
False
Is 2317439 prime?
True
Is 22199 prime?
False
Is 28961 a prime number?
True
Is 72757 composite?
True
Is 276079 prime?
True
Is 17863 prime?
True
Is 21247 prime?
True
Is 363791 composite?
True
Is 2191193 composite?
False
Is 193937 a prime number?
True
Is 749149 prime?
True
Is 12611 a prime number?
True
Is 72599 a composite number?
True
Is 324106 composite?
True
Is 69437 a composite number?
True
Is 213881 a composite number?
False
Is 97829 a prime number?
True
Is 7103 a composite number?
False
Is 734439 prime?
False
Is 6943 prime?
False
Is 581393 composite?
False
Is 419071 prime?
False
Is 2047 composite?
True
Is 132785 composite?
True
Is 58486 a composite number?
True
Is 23723 a composite number?
True
Is 6661 a composite number?
False
Is 595667 a prime number?
False
Is 172915 prime?
False
Is 557 composite?
False
Is 5053 a prime number?
False
Is 2236063 a prime number?
False
Is 10961 prime?
False
Is 157721 prime?
True
Is 67631 prime?
True
Is 9839 composite?
False
Is 17341 prime?
True
Is 223937 prime?
False
Is 11467 composite?
False
Is 7949 a composite number?
False
Is 1319 a composite number?
False
Is 133919 composite?
False
Is 57059 a composite number?
False
Is 283055 composite?
True
Is 42533 composite?
False
Is 25342 composite?
True
Is 6521 prime?
True
Is 40343 prime?
True
Is 79583 composite?
True
Is 177443 a composite number?
True
Is 7661 a composite number?
True
Is 259547 a composite number?
False
Is 1490449 prime?
False
Is 1594387 a prime number?
True
Is 5273 composite?
False
Is 1073 a composite number?
True
Is 1322467 prime?
True
Is 33931 prime?
True
Is 1157 a composite number?
True
Is 524279 a composite number?
True
Is 451419 a prime number?
False
Is 1965946 a prime number?
False
Is 73559 composite?
True
Is 174205 a prime number?
False
Is 13517 a prime number?
False
Is 19 prime?
True
Is 785 a prime number?
False
Is 257519 composite?
False
Is 3989 a prime number?
True
Is 41579 a composite number?
False
Is 2233867 a prime number?
True
Is 2579 composite?
False
Is 18859 prime?
True
Is 10243 composite?
False
Is 150289 a composite number?
True
Is 7069 a composite number?
False
Is 263309 a composite number?
True
Is 99347 prime?
True
Is 68297 a prime number?
False
Is 36037 composite?
False
Is 116897 prime?
False
Is 1087 composite?
False
Is 80329 prime?
True
Is 17957 prime?
True
Is 10097 composite?
True
Is 996241 a composite number?
True
Is 18329 composite?
False
Is 650371 a prime number?
False
Is 37619 a prime number?
True
Is 171491 composite?
False
Is 186721 prime?
False
Is 24319 prime?
False
Is 194911 prime?
True
Is 14621 a composite number?
False
Is 377279 prime?
False
Is 66985 composite?
True
Is 52214 composite?
True
Is 34477 a prime number?
False
Is 252583 a prime number?
True
Is 5147 a prime number?
True
Is 564299 a prime number?
True
Is 102133 prime?
False
Is 55289 a composite number?
True
Is 1429231 composite?
False
Is 56537 a prime number?
False
Is 185698 composite?
True
Is 325947 composite?
True
Is 28571 composite?
False
Is 59009 composite?
False
Is 4855 a composite number?
True
Is 349787 prime?
True
Is 250829 a composite number?
False
Is 5801 prime?
True
Is 21557 a prime number?
True
Is 77213 a prime number?
True
Is 4489 composite?
True
Is 31523 a prime number?
False
Is 1983053 composite?
False
Is 301337 prime?
False
Is 46589 composite?
False
Is 27955 prime?
False
Is 66791 a prime number?
True
Is 39322 composite?
True
Is 821 prime?
True
Is 3409091 composite?
True
Is 8033 prim